{"id":13,"date":"2006-06-21T19:28:02","date_gmt":"2006-06-21T17:28:02","guid":{"rendered":"http:\/\/www.polodeguinea.com\/?page_id=13"},"modified":"2010-02-14T18:07:36","modified_gmt":"2010-02-14T17:07:36","slug":"curso-locucion-y-presentacion-televisiva","status":"publish","type":"page","link":"https:\/\/polodeguinea.com\/?page_id=13","title":{"rendered":"Curso: LOCUCI\u00d3N Y PRESENTACI\u00d3N TELEVISIVA"},"content":{"rendered":"<p class=\"MsoNormal\"><strong>Va dirigido a:<\/strong> Todos aquellos que se inician en el oficio del periodismo televisivo y a los interesados en comunicaci\u00f3n en los programas informativos de televisi\u00f3n.<\/p>\n<p class=\"MsoNormal\">\n<p class=\"MsoNormal\"><strong>Objetivo:<\/strong> Enriquecer y desarrollar los conocimientos en el \u00e1mbito de la locuci\u00f3n y presentaci\u00f3n televisiva en noticiarios.<\/p>\n<p class=\"MsoNormal\">Conocer las pautas para emitir correctamente el mensaje hablado en televisi\u00f3n.<\/p>\n<p class=\"MsoNormal\">\n<p class=\"MsoNormal\"><strong>La voz:<\/strong> producci\u00f3n, cualidades y clasificaci\u00f3n de la voz.<\/p>\n<p class=\"MsoNormal\"><strong>Lectura individual de un texto<\/strong>: an\u00e1lisis.<\/p>\n<p class=\"MsoNormal\"><strong>T\u00e9cnicas de locuci\u00f3n:<\/strong> la palabra, la entonaci\u00f3n grupos f\u00f3nicos, tonemas, signos de puntuaci\u00f3n y errores de entonaci\u00f3n. Fluidez, seguridad y personalidad.<\/p>\n<p class=\"MsoNormal\">Lectura de un texto de un noticiario de televisi\u00f3n, grabaci\u00f3n de los ejercicios individuales: visionado y an\u00e1lisis. Correcci\u00f3n de errores en la lectura.<\/p>\n<p class=\"MsoNormal\">Credibilidad y seducci\u00f3n.<\/p>\n<p class=\"MsoNormal\"><strong>La respiraci\u00f3n<\/strong>: t\u00e9cnicas de relajaci\u00f3n. Aplicaci\u00f3n de la relajaci\u00f3n est\u00e1tica, relajaci\u00f3n en grupo (sofrolog\u00eda).<\/p>\n<p class=\"MsoNormal\">Presencia en imagen: tama\u00f1os de planos, interpretaci\u00f3n del encuadre, prox\u00e9mica, apariencia externa, vestuario. Grabaci\u00f3n de lectura individual de textos para noticiarios. Visionado y an\u00e1lisis.<\/p>\n<p class=\"MsoNormal\"><strong>Telegenia<\/strong>: an\u00e1lisis y estudio valorando la est\u00e9tica facial.<\/p>\n<p class=\"MsoNormal\">Sugerencias de vestuario y  peinado.<\/p>\n<p class=\"MsoNormal\"><strong>Comunicaci\u00f3n:<\/strong> disposici\u00f3n ante la c\u00e1mara, conexi\u00f3n con la audiencia, fotogenia y maquillaje, gestos, mirada y actitud.<\/p>\n<p class=\"MsoNormal\"><strong>Micr\u00f3fonos:<\/strong> lectura de textos para noticiarios y entradillas.<\/p>\n<p class=\"MsoNormal\"><strong>El presentador:<\/strong> postura en un noticiario, altura de la c\u00e1mara, el valor del silencio.<\/p>\n<p class=\"MsoNormal\">Contar bien las historias. Sugerencias del enfoque de las noticias. Grabaci\u00f3n, visionado  y an\u00e1lisis. Credibilidad y seducci\u00f3n.<\/p>\n<p class=\"MsoNormal\"><strong>El presentador en exteriores<\/strong>: presentaciones en el lugar del reportaje, duraci\u00f3n, planificaci\u00f3n y encuadre. Comunicaci\u00f3n con el equipo. Posici\u00f3n de manos y pies. Memorizaci\u00f3n ante la c\u00e1mara. Ayudas. Movimiento de la c\u00e1mara o del periodista. Apoyo de luz en exteriores. Racord sonoro. Grabaci\u00f3n en la calle en escenarios imaginarios. Visionado y an\u00e1lisis.<\/p>\n<p class=\"MsoNormal\"><strong>Entrevista:<\/strong> planificaci\u00f3n, comunicaci\u00f3n con el equipo t\u00e9cnico. El periodista en la entrevista. El entrevistado como centro de atenci\u00f3n. Tama\u00f1o de los planos. Importancia de los fondos. Eje de acci\u00f3n. Ejercicios de entrevistas entre los participantes.<\/p>\n<p class=\"MsoNormal\"><strong>Declaraciones:<\/strong> posici\u00f3n del periodista con la c\u00e1mara.<\/p>\n<p class=\"MsoNormal\"><strong>Encuestas:<\/strong> tama\u00f1o de encuadre y posici\u00f3n del periodista con la c\u00e1mara<\/p>\n<p class=\"MsoNormal\">\n","protected":false},"excerpt":{"rendered":"<p>Va dirigido a: Todos aquellos que se inician en el oficio del periodismo televisivo y a los interesados en comunicaci\u00f3n en los programas informativos de televisi\u00f3n. Objetivo: Enriquecer y desarrollar los conocimientos en el \u00e1mbito de la locuci\u00f3n y presentaci\u00f3n televisiva en noticiarios. Conocer las pautas para emitir correctamente el mensaje hablado en televisi\u00f3n. La [&hellip;]<\/p>\n","protected":false},"author":3,"featured_media":0,"parent":23,"menu_order":0,"comment_status":"closed","ping_status":"closed","template":"","meta":{"ngg_post_thumbnail":0,"footnotes":""},"class_list":["post-13","page","type-page","status-publish","hentry"],"_links":{"self":[{"href":"https:\/\/polodeguinea.com\/index.php?rest_route=\/wp\/v2\/pages\/13","targetHints":{"allow":["GET"]}}],"collection":[{"href":"https:\/\/polodeguinea.com\/index.php?rest_route=\/wp\/v2\/pages"}],"about":[{"href":"https:\/\/polodeguinea.com\/index.php?rest_route=\/wp\/v2\/types\/page"}],"author":[{"embeddable":true,"href":"https:\/\/polodeguinea.com\/index.php?rest_route=\/wp\/v2\/users\/3"}],"replies":[{"embeddable":true,"href":"https:\/\/polodeguinea.com\/index.php?rest_route=%2Fwp%2Fv2%2Fcomments&post=13"}],"version-history":[{"count":1,"href":"https:\/\/polodeguinea.com\/index.php?rest_route=\/wp\/v2\/pages\/13\/revisions"}],"predecessor-version":[{"id":155,"href":"https:\/\/polodeguinea.com\/index.php?rest_route=\/wp\/v2\/pages\/13\/revisions\/155"}],"up":[{"embeddable":true,"href":"https:\/\/polodeguinea.com\/index.php?rest_route=\/wp\/v2\/pages\/23"}],"wp:attachment":[{"href":"https:\/\/polodeguinea.com\/index.php?rest_route=%2Fwp%2Fv2%2Fmedia&parent=13"}],"curies":[{"name":"wp","href":"https:\/\/api.w.org\/{rel}","templated":true}]}}