{"id":23,"date":"2006-09-09T19:23:31","date_gmt":"2006-09-09T17:23:31","guid":{"rendered":"http:\/\/www.polodeguinea.com\/?page_id=23"},"modified":"2010-02-14T18:04:02","modified_gmt":"2010-02-14T17:04:02","slug":"indice","status":"publish","type":"page","link":"https:\/\/polodeguinea.com\/?page_id=23","title":{"rendered":"Indice de Cursos y Seminarios"},"content":{"rendered":"<ul>\n<li><a title=\"**CURSO\/SEMINARIOS GRATUITOS\" href=\".\/?page_id=14&#038;phpMyAdmin=pjB3X0ZmfXXN9%2C24B92hevvu818\">**CURSO\/SEMINARIOS GRATUITOS<\/a><\/li>\n<li><a title=\"Curso: ADAPTACI\u00d3N TELEVISIVA PARA REDACTORES\" href=\".\/?page_id=9&#038;phpMyAdmin=pjB3X0ZmfXXN9%2C24B92hevvu818\">Curso: ADAPTACI\u00d3N TELEVISIVA PARA REDACTORES<\/a><\/li>\n<li><a title=\"Curso: LOCUCI\u00d3N Y PRESENTACI\u00d3N TELEVISIVA\" href=\".\/?page_id=13&#038;phpMyAdmin=pjB3X0ZmfXXN9%2C24B92hevvu818\">Curso: LOCUCI\u00d3N Y PRESENTACI\u00d3N TELEVISIVA<\/a><\/li>\n<li><a title=\"Curso: REALIZACI\u00d3N MONOCAMARA CINEMATOGRAFICA \/ ELECTR\u00d3NICA \u2013 ENG\" href=\".\/?page_id=11&#038;phpMyAdmin=pjB3X0ZmfXXN9%2C24B92hevvu818\">Curso: REALIZACI\u00d3N MONOCAMARA CINEMATOGRAFICA \/ ELECTR\u00d3NICA \u2013 ENG<\/a><\/li>\n<li><a title=\"Curso: REPORTAJES Y DOCUMENTALES, TEORIA Y T\u00c9CNICA\" href=\".\/?page_id=12&#038;phpMyAdmin=pjB3X0ZmfXXN9%2C24B92hevvu818\">Curso: REPORTAJES Y DOCUMENTALES, TEORIA Y T\u00c9CNICA<\/a><\/li>\n<li><a title=\"Curso: TEOR\u00cdA Y PR\u00c1CTICA DE CAMARAS ELECTR\u00d3NICAS\" href=\".\/?page_id=10&#038;phpMyAdmin=pjB3X0ZmfXXN9%2C24B92hevvu818\">Curso: TEOR\u00cdA Y PR\u00c1CTICA DE CAMARAS ELECTR\u00d3NICA<\/a><\/li>\n<\/ul>\n","protected":false},"excerpt":{"rendered":"<p>**CURSO\/SEMINARIOS GRATUITOS Curso: ADAPTACI\u00d3N TELEVISIVA PARA REDACTORES Curso: LOCUCI\u00d3N Y PRESENTACI\u00d3N TELEVISIVA Curso: REALIZACI\u00d3N MONOCAMARA CINEMATOGRAFICA \/ ELECTR\u00d3NICA \u2013 ENG Curso: REPORTAJES Y DOCUMENTALES, TEORIA Y T\u00c9CNICA Curso: TEOR\u00cdA Y PR\u00c1CTICA DE CAMARAS ELECTR\u00d3NICA<\/p>\n","protected":false},"author":3,"featured_media":0,"parent":0,"menu_order":0,"comment_status":"closed","ping_status":"closed","template":"","meta":{"ngg_post_thumbnail":0,"footnotes":""},"class_list":["post-23","page","type-page","status-publish","hentry"],"_links":{"self":[{"href":"https:\/\/polodeguinea.com\/index.php?rest_route=\/wp\/v2\/pages\/23","targetHints":{"allow":["GET"]}}],"collection":[{"href":"https:\/\/polodeguinea.com\/index.php?rest_route=\/wp\/v2\/pages"}],"about":[{"href":"https:\/\/polodeguinea.com\/index.php?rest_route=\/wp\/v2\/types\/page"}],"author":[{"embeddable":true,"href":"https:\/\/polodeguinea.com\/index.php?rest_route=\/wp\/v2\/users\/3"}],"replies":[{"embeddable":true,"href":"https:\/\/polodeguinea.com\/index.php?rest_route=%2Fwp%2Fv2%2Fcomments&post=23"}],"version-history":[{"count":9,"href":"https:\/\/polodeguinea.com\/index.php?rest_route=\/wp\/v2\/pages\/23\/revisions"}],"predecessor-version":[{"id":149,"href":"https:\/\/polodeguinea.com\/index.php?rest_route=\/wp\/v2\/pages\/23\/revisions\/149"}],"wp:attachment":[{"href":"https:\/\/polodeguinea.com\/index.php?rest_route=%2Fwp%2Fv2%2Fmedia&parent=23"}],"curies":[{"name":"wp","href":"https:\/\/api.w.org\/{rel}","templated":true}]}}